111110100110110010010001 + -100?
110001111110100110110010001101
In base 13, what is 3 + -a462b4?
-a462b1
In base 13, what is -15c - 132c3?
-13452
In base 3, what is 212111 - 110012212111?
-110012000000
In base 8, what is -31 - -26036710?
26036657
In base 11, what is 13099 + -a4?
12aa5
In base 10, what is 5 + 53049385?
53049390
In base 9, what is 118687 - -15138?
134836
In base 6, what is 2 - 20012113000?
-20012112554
In base 6, what is 12144153 - -3234?
12151431
In base 11, what is 4 - -2241941?
2241945
In base 15, what is -a2e5e + -2a8?
-a3217
In base 14, what is -188da793 + 5?
-188da78c
In base 6, what is 2 - 3430414?
-3430412
In base 8, what is -13724 + 11662?
-2042
In base 11, what is 189426a + -3?
1894267
In base 3, what is 22021201 - 100222002?
-1200101
In base 12, what is 1a9 + -6b5430?
-6b5243
In base 15, what is 9e - -4d294?
4d343
In base 12, what is -1b88 + 8619?
6651
In base 11, what is -5758 - -1860?
-39a8
In base 2, what is 110100010000101011111101 + 1?
110100010000101011111110
In base 9, what is -113703031 + 0?
-113703031
In base 10, what is -37539 - -2773?
-34766
In base 2, what is -1101000111 - 1000110110010110111?
-1000110111111111110
In base 7, what is -1445 + -340611?
-342356
In base 12, what is -1 + -5157030?
-5157031
In base 4, what is -1321011031113 + -2?
-1321011031121
In base 6, what is -2 + -2320333?
-2320335
In base 8, what is -232 - -12124?
11672
In base 16, what is -289f + 4d7?
-23c8
In base 7, what is 1440513 - -5532?
1446345
In base 13, what is -19c23519 - 7?
-19c23523
In base 16, what is 4 - -4b1d9be?
4b1d9c2
In base 12, what is -69584 + -61?
-69625
In base 4, what is 3301310 + -232?
3301012
In base 2, what is 11100101001 - -111111111111110100?
1000000011100011101
In base 4, what is 311121033101 + -11?
311121033030
In base 10, what is 1 - 3398598?
-3398597
In base 16, what is 79b58 + 3?
79b5b
In base 4, what is 2221022231 + 10013?
2221032310
In base 13, what is -a - -147ac?
147a2
In base 3, what is 110011112021102 + -10?
110011112021022
In base 4, what is 102202100311201 - 2?
102202100311133
In base 4, what is 3 - -112100330210?
112100330213
In base 7, what is 25162 - -555?
26050
In base 6, what is -2452313501 - -10?
-2452313451
In base 12, what is -2037b + -16?
-20395
In base 14, what is -4 + -14d1a6?
-14d1aa
In base 7, what is -3256 - -410566?
404310
In base 12, what is -54a09 - -1531?
-53498
In base 10, what is -17 - 200227?
-200244
In base 3, what is -211 - 211110202122102?
-211110202200020
In base 5, what is 4413 - 1030330?
-1020412
In base 10, what is 27763 - -17877?
45640
In base 15, what is -146 + 463?
31c
In base 16, what is 5 + df5f3d?
df5f42
In base 4, what is -10303 + -10010030?
-10020333
In base 14, what is 1459 + -15c5d?
-14804
In base 15, what is 2 + 4ebd0e1?
4ebd0e3
In base 10, what is -149 + 98859?
98710
In base 6, what is 231 - 152344503?
-152344232
In base 9, what is -5451263 - -6?
-5451256
In base 13, what is -71 - -1364c?
135ab
In base 8, what is -1 + -21530134?
-21530135
In base 9, what is -254742 + -516?
-255358
In base 16, what is -6 + c84767?
c84761
In base 13, what is 869b + 764?
9132
In base 8, what is -16456642 + -14?
-16456656
In base 10, what is -23986 - 3503?
-27489
In base 14, what is 28a9 - -27844?
2a30d
In base 10, what is -31 - 12210308?
-12210339
In base 15, what is -3e02d904 - -5?
-3e02d8ee
In base 13, what is 453 - -27c56?
283a9
In base 8, what is -2234001 - -2?
-2233777
In base 10, what is 5251012 - -33?
5251045
In base 11, what is -6713 - -7978?
1265
In base 15, what is -7b3b877 + 6?
-7b3b871
In base 10, what is -1 + 56130399?
56130398
In base 15, what is 259e - -72?
2621
In base 12, what is -298018 - -51?
-297b87
In base 15, what is -6 - -1de6d53?
1de6d4c
In base 5, what is -442304300 + -2?
-442304302
In base 7, what is -2 - -124135026?
124135024
In base 8, what is 456 - 37461?
-37003
In base 5, what is 4 - -130320444030?
130320444034
In base 12, what is 53aa - -38143?
41531
In base 6, what is 541 + -214051124?
-214050143
In base 7, what is 25630445 + 0?
25630445
In base 10, what is 1789 - -10985?
12774
In base 15, what is c8 + -1290a?
-12832
In base 3, what is 100012 + -10221112201222?
-10221112101210
In base 15, what is 52580 - -379?
52909
In base 3, what is -1011012 + 1011220122112?
1011212111100
In base 13, what is 87 - 26aca3?
-26ac19
In base 9, what is 151482825 + -1?
151482824
In base 3, what is -10212000210 - 21202100?
-11010210010
In base 11, what is 4 - -1979192?
1979196
In base 9, what is 3413 - -45861?
50374
In base 7, what is 5122056553 - -6?
5122056562
In base 16, what is -6 - -cc0744f?
cc07449
In base 9, what is 36632 - -7686?
45428
In base 3, what is -220210 + 1000021112?
222100202
In base 16, what is -98 - -3f5a?
3ec2
In base 10, what is -6 + -21027826?
-21027832
In base 4, what is -131230231202 + -22?
-131230231230
In base 4, what is -10112333120 - -103?
-10112333011
In base 15, what is be70 - 27c?
bbe3
In base 6, what is 140345 + 25313?
210102
In base 6, what is 15 + -213542321?
-213542302
In base 9, what is 2227 - 662842?
-660614
In base 10, what is 13298562 - 5?
13298557
In base 16, what is -cc2eda - 0?
-cc2eda
In base 7, what is 1 + 31032363?
31032364
In base 5, what is -2 - -13341322004?
13341322002
In base 2, what is -10100111101101111011 + 1011000?
-10100111101100100011
In base 13, what is 0 - 3a3984?
-3a3984
In base 4, what is -2123 + -120112113?
-120120302
In base 11, what is 839 + -463a6?
-45668
In base 9, what is -3885131 - 3?
-3885134
In base 6, what is -1 - 3412235015?
-3412235020
In base 11, what is 8024a78 + 5?
8024a82
In base 15, what is -152e0 + -a9?
-15399
In base 4, what is -1 - -200200113?
200200112
In base 3, what is 112202220 - -100121?
120010111
In base 12, what is 14554bb0 - 30?
14554b80
In base 14, what is d8aa + -67a?
d230
In base 5, what is 303 - 243301440?
-243301132
In base 10, what is 965 - 612?
353
In base 15, what is 7952 - 70?
78d2
In base 10, what is -4061 + -12743?
-16804
In base 5, what is 1 + -443113144343?
-443113144342
In base 4, what is -10 + 11113202033301?
11113202033231
In base 11, what is 3 - -40922225?
40922228
In base 9, what is 66614 - 65?
66538
In base 4, what is 20203120 + 213230?
21023010
In base 6, what is 4322043 - 204?
4321435
In base 8, what is 1032517 - 104?
1032413
In base 9, what is 4 - 16807873?
-16807868
In base 2, what is -101000100001110111 + 110101011?
-101000011011001100
In base 10, what is 90740 - -8?
90748
In base 13, what is -1 + 5c4ca45?
5c4ca44
In base 15, what is 15ba6ae + 4?
15ba6b3
In base 11, what is -9a959 + a18?
-99a41
In base 2, what is -1 + 11111111010111000000?
11111111010110111111
In base 16, what is d156f + 3b?
d15aa
In base 9, what is -10382 - -1708?
-7573
In base 16, what is -e8c2 - -32b8?
-b60a
In base 11, what is 243 + 16041?
16284
In base 10, what is 2497 - -7193?
9690
In base 4, what is -11 + 1033023202221?
1033023202210
In base 5, what is -22130 - 11002404?
-11030034
In base 15, what is 11c651 - a4?
11c59c
In base 3, what is -2010000111112 - 101?
-2010000111220
In base 13, what is -7aaa68a + 5?
-7aaa685
In base 8, what is 102214 + 461?
102675
In base 9, what is -46041 - -771?
-45160
In base 11, what is 7250249 - -8?
7250256
In base 5, what is -10 + -33210434?
-33210444
In base 8, what is -12 - 242554452?
-242554464
In base 5, what is 110410322 + -34?
110410233
In base 11, what is -3 + 272311?
272309
In base 8, what is -4 + -16676263?
-16676267
In base 7, what is 223 + -323542?
-323316
In base 9, what is -1854 - 87368?
-100333
In base 7, what is -231465364 + 2?
-231465362
In base 14, what is -6c9b5 + 1a2?
-6c813
In base 11, what is 1953 - 648?
1306
In base 14, what is 5 - -128c10d3?
128c10d8
In base 9, what is 60162668 - -53?
60162732
In base 9, what is -667 + -21334?
-22112
In base 11, what is 40 - 79034a?
-79030a
In base 8, what is 5 - -7325764?
7325771
In base 4, what is 10 - -32223102331032?
32223102331102
In base 12, what is -4 - -17b0567?
17b0563
In base 13, what is 8c - 65c54?
-65b95
In base 10, what is -1 - -2316029?
2316028
In base 7, what is 10654 + 36131?
50115
In base 5, what is -24 - 102033423?
-102034002
In base 5, what is 2141200221 + 102?
2141200323
In base 15, what is daea3 - -213?
db1b6
In base 9, what is -34 - 2514553?
-2514587
In base 7, what is -